(p). Calculate s(1).
8
Let w(y) = -48 + 41 + 12 - 5*y - y**2. Determine w(-6).
-1
Let b(y) = -y**3 - 5*y**2 + 15 + 196*y - 98*y - 91*y. What is b(-6)?
9
Let q be (-5 - -6)*(-5)/1. Let m(b) = b**3 + 3*b**2 - 8*b + 12. Let t be m(q). Let i(z) = 6*z**2 + 0*z**2 - t*z**2 + z**3 + 0*z**2. Determine i(-4).
0
Let i be 66 - 65 - (1 - (-4)/2). Let l(a) = 13*a + 1. Calculate l(i).
-25
Let z(w) = 0 + 2 + 6*w - 2 + 6. Give z(-8).
-42
Suppose 0 = -g + 24 - 22. Let d(o) = -2*o**3 - 4*o**2 + 2*o + 1. Calculate d(g).
-27
Suppose -2 = -2*i + i. Let n(s) = 3 - s**i + 2*s**3 + 12 - s**3 + 0*s**3. Give n(0).
15
Let a be (-76)/(-10) - (-10)/25. Let r = 84 - 61. Suppose -r + a = 3*f. Let d(j) = -j**2 - 7*j - 5. Determine d(f).
5
Let z(b) be the first derivative of 4*b**2 + 54. Let g(v) = v. Let r(k) = 5*g(k) + z(k). Calculate r(1).
13
Let g(t) = t**3 + 5*t**2 + 2*t - 6. Let b be g(-4). Let a(u) = 3*u**3 + 141*u - 4*u**b + 0*u**3 - 4*u**3 - 135*u + 6. Determine a(-4).
-18
Let x(q) = q**3 + 10*q**2 - 12*q. Suppose 5*z + 60 = 5*d, -6 = 11*z - 10*z + 5*d. Determine x(z).
11
Let t be -3 + 1*(-9)/3. Let g(r) = 7*r**2 + 8*r - 6. Let n(v) be the second derivative of -v**4/12 + v**2/2 + 7*v. Let k(f) = g(f) + 6*n(f). Determine k(t).
-12
Let z(b) = -5*b - 31. Let t(q) = 25*q + 155. Let v(o) = 2*t(o) + 11*z(o). Let f be v(-6). Let x(u) = -6*u. What is x(f)?
6
Let t(f) = f**3 - 5*f**2 + 8*f. Let s be t(4). Let c(o) = 31*o + 38*o - s - 70*o. Determine c(-10).
-6
Let d(j) be the first derivative of j**3/3 - j**2/2 - 27*j - 18. What is d(0)?
-27
Suppose -60 = -5*x + 5*n, -59*x - 4*n = -58*x + 8. Let p(w) = w**2 - 11*w + 26. Calculate p(x).
2
Let x(c) be the first derivative of 14 + 4*c - 1/2*c**2. Give x(6).
-2
Let v be 2 - (-4 - (-5 - -1)). Let u(n) be the second derivative of 0 - 6*n + 1/3*n**3 + 3*n**v. Calculate u(-7).
-8
Let u(o) = -2*o - 5. Let g = 85 - 49. Let v be ((-380)/(-18))/(-5) - (-8)/g. Determine u(v).
3
Let c be 8/(-20)*-5*1. Let y(z) = -2 - z + 4*z**2 - 4*z**c + z**2 + 4. What is y(-2)?
8
Let g(w) = w**3 - 5*w**2 + 6*w - 2. Suppose 6 = 32*j - 122. What is g(j)?
6
Let w(z) = 4*z + 1. Let r(d) = -d. Let q(b) = -2*r(b) - w(b). Let a(u) = -u**3 - 12*u**2 - 31*u + 3. Let h be a(-8). What is q(h)?
9
Let g(s) = -s + 6. Let z(c) = -3*c + 17. Let l(r) = 17*g(r) - 6*z(r). Let w = 22 - 17. Suppose -w*x = -9*x. Give l(x).
0
Suppose 0 = 6*a - 10*a. Let f(u) = u. Let j be f(0). Suppose j*y - y = a. Let i(v) = v**2 + 10. What is i(y)?
10
Let r be (-176)/(-66)*(-33)/(-4). Suppose -6*a = 5*a - r. Let s(y) = 2*y**3 - 3*y**2 + y - 2. Calculate s(a).
4
Let k(v) = -v - 2. Let z(q) = q**2 - 7*q + 8. Let p be z(6). Suppose 3*x + 3*l = p*l + 15, 5*x + 2*l = 25. Suppose -x*t = t. Determine k(t).
-2
Let t = -747 - -754. Let h(w) = -2*w**2 + 14*w - 11. Calculate h(t).
-11
Let q be (-62 - (5 - 0))/(-1). Let s(z) = 33*z + 12 + 35*z - q*z. What is s(0)?
12
Let i(l) be the third derivative of 2/3*l**3 + 0*l + 0 - 1/24*l**4 - 9*l**2. Calculate i(-3).
7
Let i(k) = -5*k - 10*k**2 - 11*k**2 + 5*k**2. Let z(v) = -47*v**2 - 14*v. Let a(f) = 11*i(f) - 4*z(f). Give a(-1).
11
Suppose -3*q = 4*v + 16, -22*q - 3*v - 12 = -23*q. Let c(r) be the second derivative of q - 1/3*r**3 + 3*r**2 - 6*r. Calculate c(5).
-4
Let a(b) be the first derivative of -b**3 - 3*b**2/2 - 115. Calculate a(-2).
-6
Let g(m) = -43*m**2 - 3*m + 1. Let z be g(1). Let u be ((-2)/(-6))/((-5)/z). Let y(i) = i**2 - 4. Calculate y(u).
5
Let m(j) be the third derivative of -1/2*j**3 + 2*j**2 + 1/24*j**4 + 0*j + 0. Let i(h) = -h - 1. Let g be i(-4). Calculate m(g).
0
Let o(j) be the first derivative of -j**4/4 + 8*j**3/3 + j**2 - j - 130. Calculate o(8).
15
Let n(z) = 4*z**2 - 3*z - 7. Let r(f) = -3*f**2 + 3*f + 6. Let p(h) = -2*n(h) - 3*r(h). Calculate p(-4).
24
Let b(t) = -t**2 + 4*t + 3. Suppose -24 = -2*y + y. Suppose s = 28 - y. Calculate b(s).
3
Let h(u) = 256*u + 257*u - 768*u + 261*u + 5. Calculate h(-6).
-31
Let r(x) = x + 6 - 6*x - 2*x + 6*x. Let g(b) = b**2 + 4*b + 6. Let u be g(-4). Calculate r(u).
0
Let b(s) be the second derivative of -6*s - 1/3*s**3 + 1/20*s**5 + 1/6*s**4 + 1/360*s**6 + 0 + 0*s**2. Let l(v) be the second derivative of b(v). Give l(-4).
-4
Let d(q) = 4*q - 5. Suppose 4*r + 3*o = 16, -3*r + 14 = -2*o + 2. Give d(r).
11
Suppose -n = l + 18, -l - 54 - 6 = 4*n. Let f(h) = -h**2 - 15*h - 17. Give f(n).
-3
Let g(k) be the third derivative of -k**4/24 - 4*k**3/3 + 5*k**2. Let y = 39 - 39. Calculate g(y).
-8
Suppose 0 = -5*w + 17 + 3. Suppose 0 = -w*i - 2*s + 6, 5*i - 9 = s - 2*s. Let d(r) = -4 + 1 - r + 4*r - i*r. Give d(4).
1
Let n(h) = h**3 + 10*h**2 + 16*h - 1. Let g be n(-8). Let x(m) = -m**3 - 1. Let s(p) = -2*p**3 - p**2 - 3. Let i(v) = -2*s(v) + 7*x(v). What is i(g)?
4
Let v(i) = i**3 - 5*i**2 - i. Suppose -18*f + 19*f = 5. Give v(f).
-5
Let v be 5 - 19*(-6 - -7). Let m(y) = -y**3 - 14*y**2 - y - 19. Calculate m(v).
-5
Let g(y) be the first derivative of y**3/3 + y**2 - 4*y - 20. Let r be 5 - ((-2)/(-4))/(21/84). Give g(r).
11
Let o be ((-50)/(-6))/(1/3). Let v(t) = o*t**2 - t**3 - 29*t**2 + 3*t - 3 + 4. Let u = -7 - -3. Calculate v(u).
-11
Let y(f) = 6*f**3 - f**2 + f - 1. Let h be y(1). Suppose 0*d + 40 = h*d. Let k(q) = -15*q**3 + d*q**3 + 8*q**3. Calculate k(-2).
-8
Let o(i) = -i**3 - 7*i**2 + 9*i + 7. Let l(g) = -g**3 - 7*g**2 + 8*g + 5. Let s be l(-8). Suppose 46 = -s*y + 6. Calculate o(y).
-1
Suppose 2*k - 14 = 4*k. Let n(t) = -2*t - 11. Let y be n(k). Let g(d) = -6 + 2*d - y*d + 0*d. Determine g(-4).
-2
Let z(r) be the first derivative of r**2/2 + r + 5. Let l be z(-7). Let o be l*((-1)/(-3) + -1). Let w(v) = -v**2 + 7*v - 6. Give w(o).
6
Let w(d) = -3*d. Let z(s) = -11*s + 4. Let j(o) = -4*w(o) + z(o). Suppose c = -3*c - 24. Calculate j(c).
-2
Let t = 794 + -781. Let z(v) = 2*v - 19. Determine z(t).
7
Let q(t) be the second derivative of t**4/12 + 11*t. Let g(n) = 24*n**2. Let p(l) = -g(l) + 10*q(l). Let d(z) = z**2 - 18*z + 1. Let c be d(18). What is p(c)?
-14
Let s = 52 - 52. Let b(u) = -4 - 4*u - 3*u + 6*u. Give b(s).
-4
Let i(p) = 1. Let c(g) = 4*g - 2. Let u be (2 - 1)*4/4. Let y(s) = u*c(s) + 4*i(s). What is y(-2)?
-6
Suppose 0 = r - 4*h + 11, 4*r + 13*h = 9*h + 36. Let s(m) = m - 4. Determine s(r).
1
Let g(t) = -6*t + 24. Let h(z) = 5 - 2 + 2 - z. Let q(f) = -2*g(f) + 11*h(f). Let p be ((-10)/3 + 3)/((-5)/(-105)). Calculate q(p).
0
Let c = 11 + -14. Let r be 3 + ((-8)/c - (-2)/(-3)). Let q(b) be the third derivative of -b**6/120 + b**5/10 - b**4/4 + b**3/6 + b**2. Calculate q(r).
-4
Let w(c) = -9*c. Let a = -10 + 5. Let v(m) = m + 6. Let n be v(a). Calculate w(n).
-9
Suppose -10*w + 6 = -7*w + 3*l, l = -3. Let d(m) be the second derivative of -m**5/20 + m**4/2 - 2*m**3/3 - m**2 - m. Calculate d(w).
3
Let q(u) = -u**3 + 3*u**2 - 3*u + 3. Let b(i) = -i**3 - 10*i**2 - 8*i + 12. Let d(y) = -2*y + 1. Let t be d(5). Let f be b(t). Calculate q(f).
-6
Let d(p) be the second derivative of -3*p**3/2 - p**2 + 98*p. What is d(3)?
-29
Suppose -14*l + 36 = -8*l. Let w(c) = c**2 + 6*c - 3. Let p(s) = s**2 + 1. Let v(g) = 2*p(g) - w(g). Give v(l).
5
Suppose -3*p + 4*r + 3 = 2, -r - 4 = 3*p. Let h(m) be the first derivative of 14*m**3/3 - m**2 - m - 3. Give h(p).
15
Let m(y) = y**3 + 3*y**2 + y. Let d = -41 - -45. Suppose -2*q = 3*l - 6 + 1, d*q = 4*l - 20. Give m(q).
2
Let z(x) = -x**3 - 5*x**2 - 6*x - 6. Let q be z(-4). Let g(r) = -r**3 + 4*r**2 - 2*r - 1. Determine g(q).
3
Let h be (33/6)/((-6)/(-36)). Let r = h + -27. Let x(l) = -l**2 + 5*l + 5. Determine x(r).
-1
Let s be (1 - -8) + (-342)/171. Let k(v) = -3*v + 28. Determine k(s).
7
Suppose -17*n + 18*n = -j - 5, -j = -5*n - 19. Let l(g) = 29*g + 1. Give l(j).
-28
Let z be ((-15)/(-9))/5*96. Let b(r) = -r**3 + 68*r**2 - z*r**2 + 7 + 7*r - 41*r**2. What is b(-6)?
1
Let g(h) be the first derivative of -h**4/4 - 7*h**3/3 - h - 10. Determine g(-7).
-1
Let w(y) = y**2 + 6*y - 7. Let t be w(-8). Suppose -5*n + 6 = -t. Let f(g) = -g**3 + 4*g**2 - 2*g. What is f(n)?
3
Let g(q) = q**3 - q**2 - 5*q - 4. Let o be g(3). Let r(s) = -6*s**2 - s - 1. Give r(o).
-6
Let y(x) be the first derivative of 1/2*x**2 - 20 + 15*x. Give y(-8).
7
Let y(z) be the second derivative of z**4/12 - 2*z**2 + 2*z - 412. Calculate y(-7).
45
Let x(b) = b**2 - 11*b + 25. Let w(s) = -s**